he prime factors of 1451938.
2, 43, 16883
What are the prime factors of 902808?
2, 3, 12539
List the prime factors of 24092.
2, 19, 317
List the prime factors of 10201852.
2, 29, 31, 2837
What are the prime factors of 454433?
7, 64919
What are the prime factors of 1110342?
2, 3, 185057
List the prime factors of 56434.
2, 7, 29, 139
List the prime factors of 12241765.
5, 281, 8713
List the prime factors of 7232231.
7232231
What are the prime factors of 4125278?
2, 37, 107, 521
What are the prime factors of 10849762?
2, 7, 11, 47, 1499
What are the prime factors of 108811?
233, 467
List the prime factors of 424515.
3, 5, 7, 13, 311
List the prime factors of 214095.
3, 5, 7, 2039
List the prime factors of 13921696.
2, 79, 5507
List the prime factors of 582867.
3, 64763
What are the prime factors of 31646?
2, 15823
What are the prime factors of 1853947?
1853947
What are the prime factors of 3648008?
2, 7, 13, 5011
List the prime factors of 10003332.
2, 3, 59, 71, 199
What are the prime factors of 11488423?
67, 171469
List the prime factors of 1011535.
5, 7, 28901
What are the prime factors of 334745?
5, 66949
What are the prime factors of 719366?
2, 251, 1433
List the prime factors of 195904.
2, 3061
What are the prime factors of 593210?
2, 5, 137, 433
What are the prime factors of 298733?
298733
List the prime factors of 2504134.
2, 17, 73651
List the prime factors of 475851.
3, 158617
List the prime factors of 2425670.
2, 5, 13, 47, 397
What are the prime factors of 7017966?
2, 3, 31, 12577
List the prime factors of 11227178.
2, 5613589
List the prime factors of 606040.
2, 5, 109, 139
What are the prime factors of 483136?
2, 7549
List the prime factors of 1207855.
5, 11, 21961
What are the prime factors of 388393?
41, 9473
What are the prime factors of 1729522?
2, 271, 3191
What are the prime factors of 6078107?
7, 163, 761
List the prime factors of 14304989.
14304989
What are the prime factors of 943534?
2, 17, 27751
List the prime factors of 1278363.
3, 23, 97, 191
List the prime factors of 1141024.
2, 181, 197
List the prime factors of 11401572.
2, 3, 7, 13, 53, 197
List the prime factors of 1348107.
3, 19, 67, 353
List the prime factors of 3745766.
2, 61, 30703
What are the prime factors of 25848582?
2, 3, 4308097
What are the prime factors of 9751380?
2, 3, 5, 162523
What are the prime factors of 2001002?
2, 17, 229, 257
What are the prime factors of 87398?
2, 89, 491
List the prime factors of 681808.
2, 43, 991
List the prime factors of 4323269.
1471, 2939
List the prime factors of 4683509.
577, 8117
What are the prime factors of 2760801?
3, 920267
List the prime factors of 6889703.
6889703
What are the prime factors of 94587?
3, 41, 769
List the prime factors of 1175794.
2, 587897
List the prime factors of 14898241.
173, 86117
List the prime factors of 420419.
420419
List the prime factors of 1003430.
2, 5, 100343
List the prime factors of 3219875.
5, 25759
What are the prime factors of 1372289?
383, 3583
List the prime factors of 24755995.
5, 11, 17, 29, 83
List the prime factors of 396440.
2, 5, 11, 17, 53
What are the prime factors of 213814?
2, 106907
What are the prime factors of 5863568?
2, 29, 12637
What are the prime factors of 773181?
3, 85909
What are the prime factors of 14375180?
2, 5, 718759
What are the prime factors of 4091046?
2, 3, 681841
List the prime factors of 194406.
2, 3, 32401
List the prime factors of 302609.
302609
List the prime factors of 448720.
2, 5, 71, 79
What are the prime factors of 9169?
53, 173
What are the prime factors of 17338643?
7, 769, 3221
List the prime factors of 199550.
2, 5, 13, 307
What are the prime factors of 1395927?
3, 13, 41, 97
What are the prime factors of 271486?
2, 135743
List the prime factors of 3274181.
53, 163, 379
What are the prime factors of 880136?
2, 110017
List the prime factors of 11008284.
2, 3, 7, 29, 4519
List the prime factors of 9664218.
2, 3, 191, 937
What are the prime factors of 106379?
7, 13, 167
List the prime factors of 520403.
13, 40031
What are the prime factors of 5246122?
2, 7, 61, 6143
What are the prime factors of 4073613?
3, 1357871
List the prime factors of 426834.
2, 3, 23, 1031
List the prime factors of 10994862.
2, 3, 1832477
What are the prime factors of 3700532?
2, 11, 31, 2713
What are the prime factors of 23112?
2, 3, 107
List the prime factors of 18966573.
3, 131, 16087
What are the prime factors of 2139311?
2139311
What are the prime factors of 520529?
520529
List the prime factors of 1360965.
3, 5, 90731
List the prime factors of 1125967.
281, 4007
What are the prime factors of 4207066?
2, 79, 26627
What are the prime factors of 1954868?
2, 488717
What are the prime factors of 5682602?
2, 2841301
List the prime factors of 211334.
2, 105667
What are the prime factors of 27172230?
2, 3, 5, 587, 1543
What are the prime factors of 339398?
2, 41, 4139
What are the prime factors of 90581?
239, 379
List the prime factors of 686400.
2, 3, 5, 11, 13
List the prime factors of 151982.
2, 75991
What are the prime factors of 52951?
52951
What are the prime factors of 3371303?
13, 19, 13649
What are the prime factors of 4560520?
2, 5, 114013
List the prime factors of 662806.
2, 41, 59, 137
What are the prime factors of 157540?
2, 5, 7877
What are the prime factors of 779079?
3, 7, 23, 1613
What are the prime factors of 35641092?
2, 3, 2970091
List the prime factors of 406717.
406717
What are the prime factors of 1787825?
5, 13, 5501
What are the prime factors of 5226030?
2, 3, 5, 58067
List the prime factors of 239143.
89, 2687
What are the prime factors of 2695392?
2, 3, 7, 191
What are the prime factors of 2448709?
677, 3617
What are the prime factors of 819876?
2, 3, 17, 4019
List the prime factors of 2989953.
3, 36913
List the prime factors of 187636.
2, 61, 769
List the prime factors of 376271.
7, 1097
What are the prime factors of 116162?
2, 241
What are the prime factors of 4409425?
5, 19, 9283
What are the prime factors of 207793?
31, 6703
List the prime factors of 6187033.
47, 131639
What are the prime factors of 755849?
23, 59, 557
List the prime factors of 20760984.
2, 3, 29, 61, 163
What are the prime factors of 5077432?
2, 634679
List the prime factors of 1260529.
673, 1873
List the prime factors of 6188361.
3, 37, 197, 283
List the prime factors of 286133.
101, 2833
What are the prime factors of 9732?
2, 3, 811
What are the prime factors of 10674988?
2, 59, 45233
What are the prime factors of 113793?
3, 83, 457
What are the prime factors of 203576?
2, 25447
What are the prime factors of 2457712?
2, 153607
What are the prime factors of 56341?
103, 547
List the prime factors of 2536892.
2, 634223
List the prime factors of 391368.
2, 3, 23, 709
List the prime factors of 2308905.
3, 5, 5701
What are the prime factors of 12258161?
613, 19997
List the prime factors of 4049666.
2, 2024833
What are the prime factors of 770027?
770027
List the prime factors of 10383218.
2, 29, 179021
List the prime factors of 564604.
2, 17, 19, 23
What are the prime factors of 1505962?
2, 17, 44293
List the prime factors of 672612.
2, 3, 23, 2437
What are the prime factors of 10022254?
2, 11, 455557
List the prime factors of 957871.
957871
List the prime factors of 933402.
2, 3, 17, 9151
List the prime factors of 96475.
5, 17, 227
What are the prime factors of 415838?
2, 53, 3923
List the prime factors of 504896.
2, 7, 23
What are the prime factors of 132446?
2, 47, 1409
List the prime factors of 3256477.
7, 465211
What are the prime factors of 707480?
2, 5, 23, 769
What are the prime factors of 2702031?
3, 17, 52981
List the prime factors of 38424.
2, 3, 1601
What are the prime factors of 898534?
2, 7, 13, 4937
What are the prime factors of 247554?
2, 3, 17, 809
What are the prime factors of 205883?
205883
List the prime factors of 1767904.
2, 101, 547
List the prime factors of 371051.
19, 59, 331
What are the prime factors of 32527527?
3, 10842509
What are the prime factors of 557718?
2, 3, 7, 271
What are the prime factors of 421736?
2, 7, 17, 443
List the prime factors of 869876.
2, 7, 47, 661
What are the prime factors of 388333?
11, 43, 821
What are the prime factors of 7224014?
2, 7, 17, 127, 239
What are the prime factors of 4438550?
2, 5, 88771
List the p